-f**2. Calculate n(k).
-4
Let l(h) = h**2 + 13*h + 2. Let p be 1*(-4)/((-12)/(-39)). Let z be l(p). Let f(n) = 3*n - n**z + 2 - 2*n - 2. Determine f(-1).
-2
Let a(n) be the first derivative of n**2 + 9*n + 50. Determine a(-6).
-3
Let x(v) = v**2 + 9*v + 8. Let j be x(-8). Let r be 12/(-6 - -3)*-1. Suppose j*o - o = 4*h - 21, 20 = r*h. Let l(a) = 7*a**3 - a**2 + a. Calculate l(o).
7
Let a(x) = 2*x - 14. Let y(i) = i. Let n(p) = a(p) - 3*y(p). Give n(-15).
1
Let r(n) = -2*n - 9. Let o(p) = p**3 + 2*p**2 - 3*p - 7. Let m be o(-3). Give r(m).
5
Let r(p) = p - 3. Let b(a) = -a + 2. Let d(m) = 6*b(m) + 5*r(m). Let g be ((-6)/(-8))/((-5)/20). Let u = g - 1. Determine d(u).
1
Suppose -3*j + 2*j + 14 = 0. Let y be 52/j + 4/14. Let g(q) = 0 - 395*q**2 + 3*q + 394*q**2 - 2*q + 5. Determine g(y).
-7
Let z(u) = -u**2 - 5*u - 3. Let n = 6 + -8. Let y(d) = -3*d - 3. Let k be y(n). Suppose b + 0*x = -k*x - 4, 0 = -3*b + 2*x - 12. Determine z(b).
1
Let t(o) = -2*o - 25. Suppose 0 = 4*u + 158*j - 154*j + 44, -5*j = 4*u + 43. Calculate t(u).
-1
Let o(x) = 2 - 50*x + 81*x - 32*x. Calculate o(-4).
6
Let b(a) = -3*a + 2. Let q(m) = -7*m + 3. Let t(s) = 9*b(s) - 4*q(s). Let r(j) = j**3 - 7*j**2 + 5*j - 2. Let p be r(6). Give t(p).
-2
Let i(g) = -116*g + 225. Let d be i(2). Let b(c) = -c**3 - 8*c**2 + 6. Calculate b(d).
-43
Let r be -17 + 3601/104 + (-6)/(-16). Let h(l) = -l**2 + 17*l - 2. Determine h(r).
-20
Let a be (2/(-3))/((-1)/3). Let u(o) = -a*o - 1 + 2 + 4. Let j be u(3). Let g(f) = 5*f**3 + 1. What is g(j)?
-4
Suppose -2*y + 0 = -2. Let m(n) = n + y + 2 + 187*n**2 - 188*n**2. Calculate m(3).
-3
Let w = -843 - -858. Let c(v) = v + 9. What is c(w)?
24
Let t(f) = 0 + 0 + 1 + f + 1 - 19*f. Give t(-1).
20
Suppose -8*j - j = -18. Let x(q) = 2*q - 226*q**3 - j*q**2 + 452*q**3 + 1 - 227*q**3. Give x(-3).
4
Suppose 2 = 10*z - 18. Suppose -a - 10 + z = 2*y, 5*a + 20 = 0. Let d(b) = -2*b**2 + 1 - 4 - b**3 + 4 - 2*b. What is d(y)?
5
Let w(j) be the third derivative of 5/24*j**4 + 1/60*j**5 + 0*j - 45*j**2 + 0 - 2/3*j**3. Give w(-8).
20
Let u(w) = -2*w**2 - 46*w - 169. Let y be u(-4). Let f(a) = a**3 + 18*a**2 + 18*a + 4. Calculate f(y).
-13
Let s(m) = -4*m**2 + 12*m - 1. Let z(l) = 5*l**2 - 14*l. Let i(r) = -3*s(r) - 2*z(r). What is i(6)?
27
Let z(b) = b**2 + 4*b - 4. Let l be z(-5). Let q(n) = -n**3 - 8*n**2 + 5*n + 46. Let r be q(-8). Let v = r + l. Let s(x) = -x + 7. Determine s(v).
0
Suppose -6*j - 84 = 2*n - 3*j, -4*n - 4*j = 160. Let k = 42 + n. Let m(x) = -x**3 + 7*x**2 - 7*x - 2. What is m(k)?
-8
Let o(v) = 25*v + 20*v - 93*v + 21*v + 26*v - 4. Determine o(-11).
7
Let b(d) = d**3 + d**2 - d + 4. Let c be b(-3). Let k = 12 + c. Let a(h) = -3*h**3. Determine a(k).
-3
Suppose 0 = 4*n - y + 6*y - 2, 4*y = n - 11. Let m(t) = 7 + 3 - n - t - 3. Calculate m(3).
1
Let j(s) be the second derivative of s**5/20 + s**4/2 - 5*s**2/2 - 28*s + 8. Let o(z) = -2*z. Let w be o(3). Determine j(w).
-5
Let k be 8/(-40) + (-3 - (-262)/10). Let b(c) = -15 + 42 + c - k. Calculate b(-8).
-4
Suppose 3*r - 209 = 4*u, 0 = 7*r - 4*r + 15. Let i = -50 - u. Let j(g) = 3*g - 6. Calculate j(i).
12
Let o(x) be the first derivative of -x**2/2 - 2*x + 139. Calculate o(9).
-11
Let y(l) be the first derivative of -3*l**2/2 + 37*l + 226. What is y(17)?
-14
Let z = -1 + 4. Let b be 2 + 3/z + 1. Let k(a) = a**3 + 4*a - 8. Let w(c) = -2*c**3 + c**2 - 7*c + 15. Let v(f) = b*w(f) + 7*k(f). What is v(4)?
4
Let i(b) = 8*b + b**3 - 8*b**2 - 3*b**2 + 32*b**2 + 3 - 12*b**2. Determine i(-8).
3
Let v(y) = 5*y**2 + 10*y + 10. Let f be v(-1). Let h(s) = 0 - s - 2 - 5. Give h(f).
-12
Let j(p) = p**2 + 7*p + 4. Let b be j(-4). Let i(u) be the third derivative of u**4/12 + u**3/6 + 1849*u**2. Determine i(b).
-15
Let t be 22 + (-4)/1 + 0. Let w be (-33)/t + (-4)/24. Let u(m) = -3*m - 4 - 3 + 4. Determine u(w).
3
Let a = -24254/15 + 1617. Let d(p) be the third derivative of 0*p + 0 + 10*p**2 - 1/6*p**3 + 5/24*p**4 + a*p**5 - 1/120*p**6. Determine d(5).
-1
Let y(a) be the third derivative of 5*a**4/24 + a**3/6 - 7*a**2. Let m be (-4 - -3) + -33 + -2. Let f = m + 37. Calculate y(f).
6
Let b(h) = h - 4. Let l be 6/21 - 270/(-35). Suppose -38 = -l*u - 14. What is b(u)?
-1
Let w(r) = r**2 - 14*r + 40. Let j(t) = -2*t**2 + 27*t - 76. Let l(x) = -3*j(x) - 5*w(x). Calculate l(6).
-2
Suppose -2*t - 2*j = t - 9, 3*t + j - 6 = 0. Let d(y) = -y + 4. Let n be d(2). Let r(h) = 11*h**n - 8*h**2 - t - 6*h**2 + 18*h**2. Determine r(1).
14
Let c(o) be the third derivative of -o**4/6 + o**3 + 34*o**2 + 7. What is c(-7)?
34
Let o(p) = -p**3 + 2*p + 5. Let v(j) = j**2 - j - 1. Suppose -b + 9 = 8. Let w(q) = b*o(q) + 5*v(q). Suppose -x = 2*x - 12. Calculate w(x).
4
Let j(w) = 15*w - 1. Suppose 2*f - 22 = 4*x, f - 2*f - 2*x = 1. Let i be (-1)/(-10 + f + 4). Determine j(i).
14
Let d(z) = -z**3 - 3*z**2 - 2*z + 3. Let y be d(-2). Let j(b) = 5*b + 16 - y*b + 12 - 30. Give j(-4).
-10
Let o(z) = -3*z**3. Let k be o(-1). Let a(v) = 5 - v**3 + 2*v**k - 3 - 3*v**2. Suppose 5*w + l - 11 = 0, 2*w - 6*l - 165 = -167. Give a(w).
-2
Let l(p) = p**3 - 8*p**2 - 7*p - 17. Let y be l(9). Let n(k) = -7 - 152*k - 10 - y + 151*k. What is n(-13)?
-5
Suppose -5*a = 5*f - 40, 2*a - 11 = -5*f + 23. Let p(u) be the third derivative of 0 - 1/8*u**4 + 0*u**3 - f*u**2 + 0*u. What is p(3)?
-9
Let r(m) be the first derivative of m**6/360 - m**5/30 + 2*m**3 - 1. Let z(j) be the third derivative of r(j). What is z(5)?
5
Suppose -54 = -7*r + 34*r. Let a(b) = 5*b - 1. Calculate a(r).
-11
Let l(f) be the first derivative of 2*f**2 - 7*f - 216. Determine l(-9).
-43
Suppose 3*z - 3*s - 21 = 3, -s = -3*z + 18. Suppose 6*v + z = 5*v. Let y(n) be the first derivative of -n**3/3 - 2*n**2 - n - 1. Determine y(v).
-6
Let u(k) = 2*k + 6. Let i be u(-6). Let a(o) = 5*o**3 - 7*o**2 + 1. Let y(r) = r**3 + r. Let l(j) = a(j) - 6*y(j). Determine l(i).
1
Let x(g) be the first derivative of g**5/60 - g**4/4 + g**3/3 + 7*g**2 - 13. Let m(d) be the second derivative of x(d). Calculate m(6).
2
Suppose 2*d = y - 14, -4*y + 0*y = 0. Let k(s) be the second derivative of s**4/12 + 7*s**3/6 + 2*s**2 - s. Calculate k(d).
4
Let d(u) = u**3 - 2*u**2 - 2*u. Suppose 0 = -s + 4*o + 6 + 5, 0 = 4*o + 8. Give d(s).
3
Let a(t) = 596*t - 199*t - 197*t + 15 + t**2 - 199*t. Determine a(0).
15
Let h = 98 - 98. Let g(z) = 4*z - 15. Let s(u) = 7*u - 30. Let m(v) = -5*g(v) + 3*s(v). Calculate m(h).
-15
Let r(v) = v**3 - 8*v**2 - v + 9. Let f(w) be the third derivative of -5*w**4/24 + w**3/2 + 8*w**2. Let y be f(-1). Determine r(y).
1
Let p(z) = -z - 10. Suppose c - 20 = -3*c. Let s(b) = 7 + 1 - 3. Let n(x) = c*s(x) + 2*p(x). Give n(-5).
15
Let f(h) = 2*h**2 - 2*h + 2. Suppose 4*k = -11 + 59. Let q be ((-40)/k + 4)*3. Give f(q).
6
Let k(o) = 60*o - 174. Let a be k(3). Let j(f) = -15*f - 3. Let r(y) = y. Let n(m) = -j(m) - 18*r(m). Give n(a).
-15
Let u(d) be the second derivative of -9*d**5/10 + d**3/6 - d**2/2 + d - 28. Give u(1).
-18
Let i(k) = k. Let d(t) = t**2 - 17*t + 11. Let a be d(16). Determine i(a).
-5
Let w(j) = 3*j + 16. Let r(d) = 2*d + 8. Let q(u) = -5*r(u) + 3*w(u). Let o(v) = 9*v - 41. Let l be o(7). Suppose 0 = -17*c + l*c. Give q(c).
8
Let h(u) = -u**3 + u**2 + 5*u - 6. Let w(a) = a**3 - 6*a + 6. Let v(d) = -6*h(d) - 5*w(d). Determine v(6).
6
Let i(u) = 2*u - 9. Let m(q) = 3*q - 10. Let w(p) = -4*i(p) + 3*m(p). Suppose 39 = -2*v - v. Let g = v - -13. What is w(g)?
6
Let j be 2 - ((-72)/(-6) + 3). Let h(v) = v**3 + 14*v**2 + 14*v + 13. What is h(j)?
0
Let g(k) = 2*k - 3*k + 2*k**2 - 1 + 0*k - 3*k**2. Let a(y) = y**3 - 2*y**2 + y - 1. Let x(p) = a(p) + g(p). Let u = 2 - -1. Calculate x(u).
-2
Let w be -1*(-1)/(-2)*8. Let r(a) = -3*a + 185*a**2 - 184*a**2 + 0*a + 5*a. Give r(w).
8
Let v(r) = r + 6. Let g be v(-4). Suppose 5*w - w = g*y, -2*y = 0. Let q(o) = 4 + 0*o + o + w*o. Give q(4).
8
Suppose 0 = 6*a - 119 + 155. Let u(i) = i**3 + 6*i**2 - i - 1. What is u(a)?
5
Let d(u) be the first derivative of 9*u**2 + 12*u + 162. Calculate d(-5).
-78
Let m(n) = 1. Let i(d) = -d**2 - 7*d. Let l(y) = i(y) - 5*m(y). Let r = -9 - -5. Let w(f) = -f**2 - 2*f + 4. Let g be w(r). Calculate l(g).
7
Let p(k) be the third derivative of k**6/60 + k**5/60 - k**3/6 - 62*k**2. Let h be 2/(-1 - (0 - -1)). Give p(h).
-2
Su